d) = -d**2 - 9*d + 2. Let f be k(-9). Suppose -f*n + 74 = -192. Is n a prime number?
False
Let v = -164 + 259. Is v composite?
True
Let n = 42 + -27. Suppose -15 + 2 = 2*p - 5*l, 5*p - l = 25. Is p/n - (-8)/5 a prime number?
True
Let t = -411 - -721. Suppose -3*b - b = -2*f + t, 4*f + b - 629 = 0. Is f a prime number?
True
Let r = 9 + -8. Let f be (-28)/6*(r - 43). Let n = -35 + f. Is n prime?
False
Let m be 1/3 - (-7)/(-3). Let x be (-30)/(-5)*(-5)/m. Let z = 62 - x. Is z prime?
True
Let x(p) = 7*p**2 - 2. Is x(7) composite?
True
Let n(f) = -69*f - 2. Let z be n(-2). Let s be -48 - -6*3/(-6). Let m = s + z. Is m composite?
True
Let n = 11 + -15. Is ((-154)/4)/(n/8) prime?
False
Let b = 15 - -31. Is b prime?
False
Suppose 3*o + 5*j = 240, -o - 3*j + 70 = -10. Let t = 95 - 10. Suppose -t = -3*r + o. Is r a composite number?
True
Suppose -9 = d - 0*d. Let b = 16 + d. Is b a prime number?
True
Let m = -15 + 23. Let v = 5 - m. Let y = -1 - v. Is y a prime number?
True
Let k = 75 - 8. Is k a prime number?
True
Suppose 0 = 3*n - 2*h - 2041, -4*n + 0*h = -3*h - 2723. Is n a composite number?
False
Suppose -173 = -4*k - 45. Let u = 67 - k. Is u prime?
False
Suppose 1396 = 3*h - 5*w, 4*h - 1833 = -2*w + 3*w. Is h a composite number?
False
Suppose 0 = -3*v + 12, g - 2*g + 3*v + 1427 = 0. Is g prime?
True
Let c(i) = 24*i + 43. Is c(11) a prime number?
True
Let s(j) = 57*j**2 + 6*j + 64. Is s(-7) a prime number?
False
Is 4 + (-4 - 1) + 920/1 prime?
True
Suppose x = 13 - 19. Is (94/x)/((-4)/36) a composite number?
True
Let k(f) be the third derivative of f**9/30240 - f**8/4032 - f**7/2520 - f**6/240 + f**5/30 - 2*f**2. Let s(d) be the third derivative of k(d). Is s(4) prime?
True
Let d = 109 - 39. Suppose -3*u + 10 = -0*u - 5*v, 5 = 5*v. Suppose 0*r - d = -u*r. Is r composite?
True
Let f(b) = 8*b**2 - 15*b + 42. Is f(-17) prime?
True
Let d(l) = l**2 - 2*l + 2. Is d(9) prime?
False
Is 2 + (0 - 1) - -481 prime?
False
Suppose -s + r + 11 = 0, -r - 2 = -3*r. Suppose 10*q - s*q + 524 = 0. Is q composite?
True
Suppose -51 = -2*a + a. Is a composite?
True
Suppose -6*b + 542 = -112. Is b prime?
True
Let i = 0 - 0. Suppose i*g - 3*g + 153 = 0. Is g prime?
False
Let l(k) = -10 - 17*k + 10*k**2 - 22*k**2 - 3 + k**3. Is l(14) composite?
True
Suppose -2 - 2 = -3*s - 4*h, 29 = 3*s - h. Is (-4)/s + (-407)/(-2) a prime number?
False
Let q(d) = -d**2 + d + 1. Let x(m) = -6*m**2 - 2*m - 5. Let n(j) = -10*q(j) - 2*x(j). Let v be n(-5). Suppose -s + 5*s - v = 0. Is s composite?
True
Suppose 2*t = -650 + 2248. Is t a composite number?
True
Let q be (-659)/(-3) - 4/6. Is q/7 + (-2)/7 a composite number?
False
Let m(a) = a**3 - 5*a**2 - 3*a - 3. Let u(h) = -2*h + 2. Let b be u(-2). Is m(b) a prime number?
False
Let d(w) = 3*w**3 - 7*w**2 + w + 7. Let l(x) = -4*x**3 + 6*x**2 - x - 7. Let o(y) = -3*d(y) - 2*l(y). Let j be ((-1)/2)/(3/(-36)). Is o(j) composite?
True
Let q(r) = 46*r**2 - 4. Let g be q(-5). Suppose 4*s = 2*m + 2*s - 576, 4*m - g = -2*s. Is m prime?
False
Suppose 3*i - 2*i = 26. Let k be (0 - -8)/(16/(-24)). Let h = i + k. Is h composite?
True
Suppose -6*u + 4*u - 2*p = -10, 2*p - 6 = -u. Let q be u*2*(-3)/(-6). Is (-384)/(-10) - q/10 prime?
False
Suppose -34*s + 1270 = -32*s. Is s a prime number?
False
Let c(a) = a**2 + a. Let s(v) = v**3 + 5*v**2 - 10*v + 3. Let i(d) = 2*c(d) + s(d). Is i(5) a prime number?
True
Let j = 3 - 1. Suppose 412 = j*l + 42. Is l a composite number?
True
Let y(r) = 4*r**2 + 17*r + 5. Is y(-7) prime?
False
Is 2 - -131*(0 - -1) prime?
False
Let c = -856 - -1443. Is c prime?
True
Let t = -7 - -11. Is 13*(t - 4 - -1) composite?
False
Suppose 0 = -2*x + 2*b, x + b = 3*b - 4. Let y = -14 + 14. Suppose y*o - k - 106 = -2*o, -5*o = -x*k - 259. Is o prime?
False
Suppose -4*i - 22 + 654 = 0. Is i a composite number?
True
Let f(n) = -5 + 2 + 11*n**2 + 5*n - 2*n. Is f(2) a composite number?
False
Let p(h) = -12*h**3 - 6*h**2 + h - 8. Is p(-5) prime?
False
Suppose 74*w - 69*w = 5755. Is w a prime number?
True
Suppose 6*l = 7*l - 5*c - 2492, 3*l - 7546 = c. Is l a composite number?
True
Let h be 168/(-5) + 2/(-5). Is (h/(-6))/((-1)/(-6)) prime?
False
Let f(q) = -2*q + 31. Is f(0) composite?
False
Is -2 + 3 + -1 + 223 a prime number?
True
Let j = 148 - -13. Let k = j + -4. Is k composite?
False
Suppose -2*f = -5*f - 3*c - 54, -54 = 3*f + c. Let b = f - -31. Is b a composite number?
False
Suppose 0 = 3*h + 2*g - 2287, 4*h - 3*g + 2*g - 3053 = 0. Is h prime?
False
Let r = -795 - -1226. Is r a composite number?
False
Let f(s) = 33*s**3 + 2*s**2 - s. Is f(1) a composite number?
True
Let v be (6/3)/(2/4). Suppose -v*i = -2 + 6, 37 = 3*t - i. Is 2*26*3/t a prime number?
True
Suppose -4*g - 5*n = -0 + 2, 2*g - 4*n = 12. Suppose -g*f = -3*u - 4*f + 159, 3*u - 5*f - 180 = 0. Is u a composite number?
True
Let i(n) = -253*n + 56. Is i(-9) a prime number?
True
Let l(i) = 2 - 7*i + 0*i**2 + i**2 + 3*i. Let a be l(4). Suppose -z = b - 62, -5*z - b - a*b = -320. Is z prime?
True
Suppose 0 = -w + 3*i + 214, -2*w - 3*i + 423 = -4*i. Is w a prime number?
True
Let o be 0 - 8/12*3. Is 2 + 1/(o/(-598)) a composite number?
True
Let h(r) = r**2 - r + 127. Is h(0) a prime number?
True
Let n = 111 + -283. Let j = n + 339. Is j a composite number?
False
Let n be 1/2 + 111/6. Let i be 6/9 + n/3. Suppose 0*s - 2*p + i = s, 0 = 3*s - p - 21. Is s composite?
False
Suppose -390 = -3*g + 2*j, -2*g + 0*g + 2*j + 260 = 0. Let m(a) = a**2 + 7*a + 7. Let q be m(-5). Is ((q - 0) + g)*1 a prime number?
True
Suppose 0 = 2*c + 2*s - 10, 0 = 5*c - 2*s - 8 - 10. Suppose 0*j - 2*f - 56 = -j, -3*j + 152 = -2*f. Suppose 0 = c*n - 356 + j. Is n prime?
False
Let n = 229 + -151. Let x = n - 41. Is x prime?
True
Let q(l) = 11*l - 4. Let g(d) = 17*d - 6. Let v(b) = 5*g(b) - 8*q(b). Is v(-3) prime?
True
Let k(h) = 23*h + 9. Let o(a) = -a + 1. Let c(y) = -k(y) + 6*o(y). Is c(-4) a composite number?
False
Suppose 3*h = -5*r + 6, r = -r + 5*h - 10. Suppose -3*p + r*k + 233 = 4*k, -411 = -5*p - k. Is p prime?
True
Let b = 7 + -7. Suppose -u = 1 - b. Is (u/1)/((-4)/508) a prime number?
True
Let b(o) = 67*o. Is b(13) a composite number?
True
Let c = -146 - -363. Is c a prime number?
False
Suppose 5*i - 1214 = 51. Is i prime?
False
Let s be (-24)/(-16)*8/6. Suppose 4*q + s*b - 239 = 5*b, 2*q - b = 119. Is q a prime number?
True
Suppose 0*z = 2*z + 44. Let c = z - -75. Is c composite?
False
Let f = 0 - -8. Is (-6)/(-4) + 460/f composite?
False
Let b(h) be the third derivative of 1/6*h**3 + 0*h + 0 - 3*h**2 + 1/4*h**4. Is b(2) composite?
False
Suppose 0 = 5*a - 16430 - 10185. Is a composite?
False
Let f(c) = 10*c**3 + c - 1. Let n be f(1). Let w = 4 - n. Is 21 + (-3)/w*0 a prime number?
False
Let l = -4 - -4. Let t(k) = -k + 89. Is t(l) a composite number?
False
Let f(d) = 19*d**2 + 5*d + 5. Let o be f(-6). Let g = o - 468. Is g prime?
True
Is (-7)/((-7)/124) - -3 a prime number?
True
Let h(q) = q**2 - 4*q - 5. Let o be h(-7). Let r = 55 - 106. Let v = r + o. Is v a composite number?
True
Let h(s) = 40*s**2 - 4*s - 11. Is h(-5) prime?
True
Is 3 + 782 + 0/2 prime?
False
Suppose d - 6*d + 15 = -3*t, 3 = -2*t + d. Suppose t = 3*r - 348 + 63. Is r composite?
True
Suppose -9*k = -2328 - 6654. Is k composite?
True
Let h be 3/((-9)/(-6)) - -2. Suppose -3*l = 4*p - 35, -h*p + 5*l - 4 = 1. Suppose -3*y + p*y - 238 = 0. Is y a prime number?
False
Let h(d) = d**2 + d - 2. Let b be h(3). Let f = -5 + b. Suppose -18 - 42 = -5*p + 5*a, 6 = p + f*a. Is p composite?
False
Let n = 7830 + -5559. Is n a composite number?
True
Suppose 151 = c + 5*n, 0*n - 3*n + 149 = c. Is c composite?
True
Let y(v) = 25*v**2 + 13*v + 17. Is y(-7) a prime number?
True
Let o(n) = -n**3 + 5*n**2 - n + 8. Let z be o(5). Let d(r) = r**3 + 3*r**2 + 4*r + 1. Is d(z) composite?
False
Let x be 12/(-10) - 2/(-10). Let q = x + 3. Suppose 5*c = -4*f + 365, c + 102 = q*c - 5*f. Is c a composite number?
True
Suppose 4*x = -3*r + 413, -2*r + 3*r = -4*x + 151. Is r a prime number?
True
Let m(q) = 2*q**2 + 6*q + 7. Let z be m(-5). Suppose a - z = -2*a. Let p(l) = l**3 - 9*l**2 + 10*l - 11. Is p(a) composite?
False
Suppose -2*g = -1194 - 164. Is g composite?
True
Let q = -185 + 7. Let c = q + 305. Is c a composite number?
False
Let m = 8 + -7. Is 11/(m*2/22) com